of 2250 and 63.
9
Calculate the greatest common divisor of 513306 and 27.
9
What is the highest common divisor of 1520 and 118180?
380
Calculate the highest common factor of 141 and 79101.
141
Calculate the greatest common divisor of 1605 and 135.
15
Calculate the highest common divisor of 3848 and 1898.
26
What is the highest common factor of 7125 and 741?
57
What is the highest common factor of 109778 and 2358?
262
Calculate the greatest common divisor of 1971 and 1485.
27
Calculate the highest common factor of 440 and 8888.
88
Calculate the highest common divisor of 318 and 383402.
106
What is the highest common divisor of 55680 and 4128?
96
What is the greatest common factor of 11 and 431552?
11
Calculate the highest common factor of 4103 and 187.
11
What is the greatest common factor of 218 and 18934826?
218
Calculate the greatest common factor of 29946 and 244125.
651
What is the highest common divisor of 1751 and 6817?
17
What is the greatest common factor of 32828 and 5684?
116
Calculate the greatest common factor of 281448 and 54.
54
What is the greatest common divisor of 47090 and 289?
17
Calculate the greatest common divisor of 2200374 and 88.
22
What is the highest common divisor of 1047 and 82015?
349
Calculate the greatest common divisor of 744 and 7254.
186
Calculate the greatest common factor of 48 and 498688.
16
What is the highest common factor of 605394 and 202?
202
Calculate the highest common factor of 128 and 392.
8
What is the highest common divisor of 9828 and 19474?
182
Calculate the greatest common factor of 165 and 19995.
15
What is the greatest common divisor of 7920 and 15984?
144
Calculate the highest common divisor of 8008 and 9416.
88
Calculate the highest common factor of 11 and 145739.
11
What is the highest common divisor of 2940 and 660?
60
What is the highest common factor of 692 and 122?
2
Calculate the highest common divisor of 3094 and 10234.
238
What is the greatest common divisor of 218 and 79897?
109
Calculate the highest common divisor of 13925 and 2125.
25
What is the highest common divisor of 276 and 663297?
69
Calculate the highest common factor of 39 and 19916.
13
What is the greatest common factor of 41 and 1268622?
41
Calculate the highest common divisor of 2424800 and 20.
20
What is the greatest common factor of 13193 and 22199?
79
What is the greatest common divisor of 1949025 and 975?
975
Calculate the highest common factor of 11731886 and 244.
122
What is the greatest common factor of 104714 and 164?
82
Calculate the greatest common factor of 9 and 7851.
3
What is the greatest common divisor of 150 and 35?
5
Calculate the greatest common divisor of 154 and 9002.
14
What is the greatest common factor of 842262 and 6870?
1374
Calculate the highest common factor of 747 and 15189.
249
What is the highest common factor of 100630 and 64542?
694
What is the greatest common divisor of 12047 and 651?
7
What is the greatest common divisor of 36533 and 930517?
2149
What is the highest common factor of 53 and 673789?
53
Calculate the highest common factor of 42588 and 29232.
252
Calculate the highest common divisor of 118 and 254821.
59
What is the highest common factor of 424 and 202036?
212
Calculate the greatest common factor of 620 and 529015.
155
What is the greatest common factor of 2978646 and 66?
66
Calculate the highest common divisor of 44603 and 52.
13
Calculate the greatest common factor of 69734 and 11424.
238
Calculate the highest common divisor of 2141775 and 334.
167
What is the greatest common divisor of 51603 and 2369?
103
What is the highest common factor of 15236 and 12532?
52
What is the highest common divisor of 165 and 10035?
15
Calculate the greatest common factor of 425502 and 16632.
1386
Calculate the highest common factor of 330 and 7780.
10
Calculate the highest common divisor of 1539335 and 1545.
515
What is the highest common factor of 8084 and 94?
94
Calculate the highest common divisor of 735917 and 182.
91
What is the greatest common factor of 384 and 9456?
48
Calculate the highest common factor of 10560 and 18700.
220
Calculate the highest common factor of 504 and 252864.
72
What is the greatest common divisor of 17 and 33643?
17
What is the highest common divisor of 18450 and 76050?
450
Calculate the highest common factor of 114882 and 66.
6
What is the greatest common factor of 182970 and 342?
342
What is the greatest common divisor of 133 and 69578?
19
What is the highest common divisor of 620 and 50158?
62
What is the highest common divisor of 36 and 1908072?
36
What is the greatest common divisor of 14 and 98784?
14
What is the highest common factor of 243 and 144207?
27
Calculate the highest common factor of 56262 and 62.
2
What is the greatest common factor of 312260 and 2600?
260
What is the highest common divisor of 27777 and 141?
141
What is the greatest common factor of 45 and 1404240?
15
What is the greatest common factor of 676 and 427570?
338
What is the highest common factor of 1072753 and 44?
11
Calculate the highest common factor of 1264 and 3472.
16
Calculate the greatest common divisor of 489180 and 2367.
789
Calculate the greatest common divisor of 20 and 32455.
5
What is the highest common divisor of 60 and 21092?
4
Calculate the highest common divisor of 4 and 1186850.
2
What is the highest common factor of 129385 and 226?
113
Calculate the greatest common divisor of 512099 and 4802.
343
Calculate the greatest common factor of 8533 and 10787.
161
Calculate the highest common factor of 436635 and 465.
465
Calculate the greatest common divisor of 4311 and 747.
9
Calculate the highest common divisor of 908 and 4229010.
454
What is the greatest common factor of 151956 and 1072?
268
What is the highest common factor of 114 and 741?
57
Calculate the greatest common divisor of 7519 and 46720.
73
Calculate the greatest common factor of 1086 and 4104.
6
Calculate the highest common divisor of 51 and 42041.
17
Calculate the highest common factor of 61 and 3310409.
61
What is the highest common factor of 199274 and 136?
34
Calculate the greatest common factor of 41723 and 22.
11
What is the highest common factor of 11 and 81873?
11
What is the greatest common factor of 2067792 and 5520?
1104
What is the highest common factor of 133700 and 3500?
700
What is the greatest common divisor of 918 and 170?
34
Calculate the highest common factor of 24 and 5244.
12
What is the greatest common divisor of 189 and 53991?
63
What is the highest common divisor of 33147 and 889?
127
What is the highest common factor of 1350 and 140850?
450
Calculate the greatest common factor of 270 and 2178.
18
Calculate the greatest common divisor of 1112166 and 33.
33
Calculate the greatest common factor of 88835 and 12535.
545
What is the highest common divisor of 854 and 23302?
122
What is the highest common factor of 288 and 23508?
36
What is the greatest common divisor of 30625 and 49?
49
Calculate the highest common factor of 138 and 20510526.
138
What is the highest common factor of 2504238 and 2508?
1254
What is the highest common factor of 89111 and 33?
11
Calculate the greatest common divisor of 1366128 and 1696.
848
Calculate the highest common factor of 266304 and 312.
24
What is the greatest common divisor of 850176 and 328?
328
What is the greatest common factor of 900 and 15948?
36
What is the greatest common factor of 3312 and 2139?
69
What is the highest common factor of 6 and 147166?
2
Calculate the highest common divisor of 512 and 91936.
32
Calculate the highest common factor of 763419 and 153.
51
What is the highest common divisor of 1350 and 27970?
10
What is the greatest common factor of 217 and 1764?
7
Calculate the highest common factor of 3878 and 41273.
277
Calculate the greatest common divisor of 21 and 25858.
7
Calculate the greatest common divisor of 511968 and 84.
12
Calculate the highest common divisor of 768 and 85416.
24
Calculate the greatest common divisor of 4171 and 13483.
97
What is the greatest common divisor of 123 and 215906?
41
Calculate the greatest common factor of 70 and 1405705.
35
Calculate the greatest common factor of 942 and 416678.
314
What is the greatest common divisor of 470 and 47180?
10
What is the highest common divisor of 88